*h + 3 + 10. Calculate g(-2).
15
Let h(i) = i**2 + 18*i + 3. Suppose 85 + 303 = -42*c - 200. Give h(c).
-53
Suppose 5*k + 2*r - 24 = 0, -3*k - 3*r + 4 + 5 = 0. Let n(s) = -1 - 46*s**2 + 3*s - s + 92*s**2 + 0 - 47*s**2 + 5. What is n(k)?
-20
Let r be ((-209)/22)/(2/(-12) + 0). Let p(m) = 35*m + 2 + r*m - 3 - 106*m. Determine p(2).
-29
Let v(y) = y**3 - y - 4. Let t(n) = 4*n**3 - 8*n**2 + 5*n - 13. Let g(c) = t(c) - 3*v(c). Let j be 3 - 0*(-3)/9. Suppose -j = -2*a + 11. Give g(a).
6
Let n(d) = 5*d + 0*d + d**2 + 18 + 3*d - 7. Let y = -1878 - -1872. Determine n(y).
-1
Let c(z) = z**3 - 4*z**2 + 3*z - 18. Let u be c(4). Let x(n) be the second derivative of n**4/12 + 5*n**3/6 - 5*n**2 - 6*n. Calculate x(u).
-4
Let c(b) be the first derivative of -b**4/2 - b**3/3 - b**2 - 6*b + 3304. Give c(3).
-75
Let x = -586 - -433. Let a = x - -155. Let k(z) = 2*z**3 - z**2 - 3*z - 1. Calculate k(a).
5
Let q(d) be the first derivative of -d**4/4 + d**3/3 + d**2 - 3*d + 11105. What is q(0)?
-3
Let l(r) be the second derivative of -5*r**3/2 + 143*r**2/2 - 9112*r. What is l(10)?
-7
Let k(r) = -r**3 + 10*r**2 - 8*r - 7. Let a(v) = v + 13. Let t be a(18). Let s = -27 + t. Let p(w) = w**2 - 7. Let z be p(s). Determine k(z).
2
Suppose 2*b = -4*k + 182, 162 = 2*b + 4*k - 5*k. Let u = -75 + b. Suppose u*r + 27 = 19. Let l(a) = -4*a. Give l(r).
4
Let b(n) be the second derivative of -n**5/10 - 9*n**4/4 + 5*n**3/2 - n**2 + n + 669. Calculate b(-14).
-16
Let f = 13294 - 13294. Let l(s) = 3*s - 65. What is l(f)?
-65
Let z be (-24)/68 - (-8036)/(-833). Let h(u) = -14*u - 142. What is h(z)?
-2
Let v(z) = 0 + 2*z**2 - 6*z + 5 - z**2. Suppose -2*f - 64 = -2*t, -4*t - f = -173 + 30. Let p be 266/t + (-3)/5. Calculate v(p).
12
Let a(y) = -37*y - 566. Suppose -4*c = 2*s + 72, -5*s = 269 - 239. What is a(c)?
-11
Suppose 290*c + 20 = 286*c. Let h(k) be the second derivative of k**5/20 + 5*k**4/12 + k**3/3 + 3*k**2/2 + 2*k - 39. Give h(c).
-7
Let g(j) = -j**2 + 5*j + 4. Let t be 70/30 - 2/(-3). Suppose 0 = -t*d + 20 - 8. Suppose 3*p - 8 = d*w, -2*w = 5*p - 2*p - 14. What is g(p)?
8
Let n(k) = 5*k**3 + 4*k**2 - 4*k + 6. Suppose -4*q - 86 = -98. Let t = -1 - q. Let u(d) = 6*d**3 + 5*d**2 - 5*d + 7. Let s(m) = t*u(m) + 5*n(m). Calculate s(0).
2
Let x(j) = 2*j**3 - 15*j**2 + 6*j + 13. Let c(z) = z**3 - 15*z**2 + 4*z + 12. Let h(l) = 3*c(l) - 2*x(l). Determine h(-15).
10
Let q(x) = x - 17. Let d(m) = 3*m**3 - 11*m**2 - 20*m + 4. Let b be d(5). Let z be (-6)/42*-97 - b/(-28). Give q(z).
-3
Let q(a) = -3*a - 5. Suppose -13 = -2*y + 2*c - 109, -4*c = 3*y + 158. Let s = 87 + y. Let j = s + -41. Determine q(j).
7
Suppose -4*x + 5*d + 29 = 0, -3*d + 58 = -x + 74. Let m(k) = -10*k**2 + 6*k - 2. Give m(x).
-6
Let o(t) = 7*t**3 + 6*t**2 - 9*t + 17. Let u(l) = -2*l**3 + l + 1. Let r(z) = -o(z) - 4*u(z). Determine r(6).
9
Let m(a) = 54*a**2 + 21 - 8*a - 20*a**2 - 11*a**2 - 24*a**2. Give m(-9).
12
Let f(r) = r**2 - 21*r - 6. Let n(c) = -c**2 + 17*c + 6. Suppose -6*z = z + 49. Let p(s) = z*n(s) - 6*f(s). Give p(-6).
-12
Let u(z) = z**3 + 5*z**2 - 5*z + 1. Suppose -2*x - 5*q = -5, q + 12 = 3*x - 6*x. Determine u(x).
26
Let i(f) = f**3 - 13*f**2 - 16*f + 18. Suppose h = 2*y + 20, -y = -432 + 435. Calculate i(h).
-10
Let z(s) = 29 - 1357*s + 678*s + 678*s. Give z(11).
18
Let h be (-52)/(-24) + (-60)/(-72). Suppose h*c - 7 = -4*f, 15 = -5*f - 3*c + 20. Let k(q) = -q. Determine k(f).
2
Let c(k) = k**2 + 3*k + 4. Suppose -23*t - 195 = -1046. Suppose -t*n + 15 = -42*n. Give c(n).
4
Suppose 22*g + g - 46 = 0. Let b(s) = -6*s + 10*s - 6*s**g + 5*s**3 - 11*s - 4*s**3 + 5. Give b(7).
5
Let x = -96 + 102. Suppose -x*u + 5*u + 41 = 0. Let k(r) = -u + 4*r**3 + 39 - 4*r**2 - r**3 + 3*r. What is k(2)?
12
Let r be (16/100)/((-4)/10)*(-140)/14. Let d(u) be the first derivative of 0*u + 0*u**2 - 4/3*u**3 + 2 + 1/4*u**r. What is d(4)?
0
Let o(v) = -v**3 + v**2 - 3*v - 18. Let k be (-6)/4 + (-12)/88*-11. Give o(k).
-18
Let l(z) = -47*z - 4. Let s be l(2). Let q = -96 - s. Let u(j) = -j + 1. Determine u(q).
-1
Let i(s) = -s**2 - 13*s + 7. Let x(v) = -v**2 - 26*v + 14. Let d(b) = 7*i(b) - 4*x(b). Give d(3).
5
Suppose 4*b = -b + 40. Let r be ((-4)/b*0)/2. Let y be r + 2/1 + -3. Let l(c) = -3*c**2 - c - 1. Determine l(y).
-3
Let z(d) = -16 - d**3 + 11*d - d**3 - 166*d**2 + 169*d**2 + d**3. What is z(5)?
-11
Let u(f) = f + 831. Let q(z) = 10*z + 7480. Let r(l) = 14*q(l) - 125*u(l). What is r(-56)?
5
Let x(b) be the second derivative of b**4/3 - b**3/2 - 5*b**2/2 + 92*b - 3. Determine x(4).
47
Let t(o) = o**2 - 3016*o - 12083. Let v be t(-4). Let l(w) = -4 + w - 1 + 5*w**2 + 2*w**3 + 3. Determine l(v).
-14
Let r = 365/262 + 14/131. Let g(y) be the second derivative of -r*y**2 - 1/3*y**3 + 0 - y + 1/12*y**4. Determine g(-3).
12
Let q(b) = 13*b - 36. Let g(c) = 11*c - 36. Let x(u) = 6*g(u) - 5*q(u). Determine x(26).
-10
Let i(y) be the third derivative of 5*y**4/24 - y**3/6 - 49*y**2. Determine i(1).
4
Let p(k) = -30*k + 111*k - 34*k - 26*k - 22 - 22*k. What is p(15)?
-37
Let h(k) = 15*k - 3 - 3 - 2 - k**3 - 29*k**2 - 78*k**2 + 110*k**2. What is h(7)?
-99
Let j be -1 + 1 + 240/10. Suppose 7*t + j = t. Let r(u) = 11*u**2 + 20*u - 14. Let b(c) = 7*c**2 + 13*c - 9. Let g(h) = -8*b(h) + 5*r(h). Calculate g(t).
2
Let g(r) = -r**3 - 4*r**2 + 4*r - 1. Let t be g(-5). Let y(m) = -24*m**2 - 3 + m - m - t*m + 23*m**2. Give y(-6).
-15
Suppose -10*v - 30*v - 71 - 9 = 0. Let z(d) = 2*d**2 - 3*d - 4. Calculate z(v).
10
Let i(o) = o**3 + 5*o**2 + 6*o + 9. Let a(h) = -6*h**2 - 34*h + 175. Let j be a(-9). What is i(j)?
-21
Let h(g) = g**2 + 133*g + 1123. Let p be h(-124). Let q(m) = -m**3 + 4*m**2 + 28*m - 51. Determine q(p).
-2
Let l(c) = -c**2 + 3*c + 11. Suppose 10*r + 80 = 150. Calculate l(r).
-17
Let c(l) = 5 - l**2 - 11*l**2 + 11*l - 11*l**3 + 7*l**3 + 5*l**3. Let f be (1/(-3))/(342/(-11286)). What is c(f)?
5
Let y(u) = 2*u**2 + 6*u - 5. Let l(v) = v**2 + 5*v - 4. Let z(t) = 3*l(t) - 2*y(t). Determine z(0).
-2
Let g(y) = -2*y**3 - 7*y - 7*y - 13 + 3*y**3 - 14*y**2. Let z be ((-12)/8 - 18/(-20))/((-40)/1000). Determine g(z).
2
Let m(a) = a**3 - 13*a**2 + 8*a + 19. Suppose 201*u - 1553 = 1179 - 320. Give m(u).
-29
Let c(w) be the first derivative of w**2 - 18*w - 3. Let t be c(10). Let o(p) = 8*p. Let r(b) = 12*b. Let f(v) = 8*o(v) - 5*r(v). Determine f(t).
8
Let a(d) = d**2 - 12*d - 15. Let j(y) = -296*y - 1763. Let t be j(-6). Determine a(t).
-2
Let d(t) = 12 + 256*t**2 + 3*t - t**3 - 183*t**2 - 71*t**2. Determine d(3).
12
Let r be 6/2 + 0/(-8). Suppose 0 = -3*f + r*o - 3, 5*o - 24 = -4*f + 8. Suppose -5*n + 25 = -4*j, -n + 5 = -f*j - 0. Let s(q) = -q**2 + 6*q - 7. Give s(n).
-2
Let w(m) = 16*m + 2. Let h(c) = 81*c + 3. Let o(r) = -h(r) + 5*w(r). Calculate o(-10).
17
Let i(f) = -f**3 + 7*f**2 - 22*f + 18. Let c be i(2). Let y(l) = -l + 13. What is y(c)?
19
Let a(l) = 2*l + 18. Let w(z) = 2*z + 15. Suppose 42 - 47 = f. Let p(k) = f*w(k) + 4*a(k). Calculate p(0).
-3
Let o(g) = 115 - 16*g + 62 + 91 + 52 + 117. Calculate o(27).
5
Let j(i) be the third derivative of i**7/840 - 7*i**6/360 + i**5/15 - 3*i**4/8 - 14*i**3/3 - 92*i**2. Let v(h) be the first derivative of j(h). Determine v(6).
3
Let w = -7 + 9. Let o be ((-17)/w)/((-18)/4 - -4). Suppose 4*x + o = -3. Let z(q) = q**2 + 5*q - 5. Give z(x).
-5
Let i(r) = -50*r - 4. Let s(m) = 120*m + 7. Let n(x) = -7*i(x) - 3*s(x). Determine n(0).
7
Let h = 16541 + -16538. Let p(j) = 12*j - 13. Give p(h).
23
Let p(l) = l**2 - 14. Let c(t) = -t**2 + 13. Let f(r) = -5*c(r) - 4*p(r). Suppose -8*d - 59*d - d = 0. Calculate f(d).
-9
Let m(d) = 180 - 86 - 27 - 14*d. Give m(5).
-3
Let m(l) = 12*l - 2. Let z = 89 - 84. Suppose -2*i + z*w + 1 = -5*i, 5*i = -5*w + 5. Suppose -5*h - i = -13. Give m(h).
22
Let d = -776 + 775. Let x(y) be the first derivative of 15*y**4/4 + 2*y**3/3 + y**2/2 + 13. Give x(d).
-14
Let q(x) = -x**2 - x - 1. Let u(c) = 15*c**2 - 3*c - 4. Let a(g) = -3*q(g) + u(g). Let r be 26216/14 - (3 + 24/(-7)). Let b = -1874 + r. Give a(b).
17
Let z(q) = -8*q**2 - q. Let i(d) = 14*d**2 + 2*d. Suppose -9*g + 15 = -6*g. Let c(h) = g*z(h) + 3*i(h). What is c(-3)?
15
Let h(k) = 96*k - 24*k - 31*k - 14*k + 34 - 20*k. Calculate h(-6).
-8
Let u be 4080/(-600) + 2/(-10). Let f(h) = 3*h + 22. Determine f(